e ((-4)/12)/(1/(-12)). Suppose w = m*w - 9. Suppose w*t - 27 = 3. Is t composite?
True
Suppose 31800 = 10*i - 7190. Is i a prime number?
False
Suppose 3*s - 43 = -5*p, 3*s + 4*p - 45 = p. Is (541/4)/(4/s) a prime number?
True
Let w(o) = o**3 + o**2 + 2*o - 12. Let i be w(5). Suppose y - 2*d - 95 = i, d = -y + 258. Is y composite?
True
Is ((-3)/(-6))/((-3)/(-354)) composite?
False
Let a(v) = 45*v**2 - v - 27. Is a(-8) prime?
True
Let z = 3 + 379. Suppose -5*x - 3*t = -638, 3*t + z = 3*x + 4*t. Is x a composite number?
False
Let n = -122 + 245. Is n a prime number?
False
Suppose 0 = -24*z + 25*z - 3427. Is z prime?
False
Let n(d) = -335*d + 36. Is n(-10) a composite number?
True
Let q = -2 + 4. Suppose -q*c = c + 12. Is (c/6)/(6/(-279)) composite?
False
Suppose 3*p - 250 = -g, 0*g - 80 = -p + 3*g. Suppose 0 = q + 5*f - 24, 3*f = -2*q + p - 0. Is q composite?
True
Let c = 47 + 79. Suppose 3*n = 5*p + c, -2*p = 5*n + p - 176. Is n prime?
True
Let f(h) = 32*h**2 + 2*h + 1. Is f(4) composite?
False
Let u = -4 - -8. Suppose -4*b - b + 1 = -v, 4 = -u*v. Suppose b = t + t - 12. Is t a composite number?
True
Suppose -t + 5*t = 4. Let m be -1 + 0 + 10 + t. Is 1/5 + 108/m a composite number?
False
Suppose -2 = -6*z + 5*z. Suppose -3*v + 4*c + 149 = 0, v + z*c - 21 = 22. Let n = v + -34. Is n a composite number?
False
Suppose 0 = -3*k + 3, b + 28 = 6*b + 3*k. Let i = 5 - 2. Suppose -i*y = -b*p + 117 + 122, 3*p - 155 = -4*y. Is p a composite number?
True
Suppose -m + s + 2695 = 2*m, 1788 = 2*m - 5*s. Is m composite?
True
Suppose 3*d = d - 34. Let h = -6 + d. Let z = 66 + h. Is z a prime number?
True
Let v = -536 - -1799. Is v a composite number?
True
Suppose -2*x + 4*u = 0, -4*x + 3*x + 4*u - 10 = 0. Suppose -3*z + 4*i - x = 8*i, -2*z = -i - 8. Suppose -8 = -z*d + 22. Is d a composite number?
True
Let o(c) = c - 2. Let h be o(2). Suppose h = 2*i - 34 - 58. Is i a composite number?
True
Let t(q) = q**3 - 10*q**2 + 2*q - 14. Let j be t(10). Is (4/j)/(4/36) a prime number?
False
Suppose 2*u - b - 47 = 25, -121 = -3*u - 5*b. Let k = -20 - u. Let n = k + 112. Is n a prime number?
False
Suppose c = 5*l - 3690 - 294, -3 = -3*c. Is l prime?
True
Let i = 11 + -7. Suppose 4*g + 4*j - 484 = 0, -6*g - 3*j + 242 = -i*g. Is g a composite number?
True
Let c = 1187 + -604. Is c a prime number?
False
Let v(q) be the first derivative of 27*q**2/2 - 3*q - 4. Is v(2) a prime number?
False
Suppose 4*k = -v + 11, v = k + 3*v + 6. Suppose 4*j + 3*f - 124 = -42, -k*j + f = -74. Let g = j + 18. Is g a prime number?
True
Let p = -55 - -85. Suppose 4*x + c - p + 9 = 0, x - c + 1 = 0. Suppose 2*r + 94 = x*r. Is r a composite number?
False
Let h(w) = -3*w**3 - 12*w**2 - 6*w - 10. Is h(-9) a composite number?
False
Let z be (-8)/(-28) + (-33)/(-7). Suppose w + 0*w = -4*m + 18, -5*w = z*m - 150. Is w composite?
True
Suppose 6*x + 3 - 27 = 0. Let p(h) = 75*h**3 + 2*h**2 + 2*h - 3. Let u be p(2). Suppose x*b - u = b. Is b composite?
True
Let b(l) = 97*l - 2. Let s be b(-3). Let c = 180 - s. Suppose j + c = 3*j - y, -j = -2*y - 241. Is j prime?
False
Let o(l) = -l - 6. Let f be o(-9). Suppose 0 = -3*s - f + 474. Is s prime?
True
Is (92/(-28) - -3) + (-25353)/(-21) composite?
True
Suppose 3*v = 3*r + 6, -2*v - 3*v + 14 = -4*r. Let b = -30 - -17. Let f = v - b. Is f composite?
False
Let h(s) = -8*s**3 - 2*s**2 - 4*s - 9. Is h(-4) composite?
False
Let t = -8 + 31. Is 4/4 + -2 + t prime?
False
Suppose 2*k + 0*q = 3*q + 91, -q + 79 = 2*k. Suppose 0*z = z - k. Let b = z + 122. Is b composite?
False
Let s(j) = -j**3 - 4*j**2 + 3*j. Let t be s(-4). Let g = 9 - t. Is g prime?
False
Suppose 8*t - 3500 - 8988 = 0. Is t composite?
True
Let x = 105 + -26. Is x prime?
True
Suppose -s - 4482 = s. Let f be 2/7 - s/21. Let u = f - 54. Is u a composite number?
False
Let k(j) = j**3 - 6*j**2 + 6*j + 1. Let b be k(5). Let w = -41 + 41. Let t = b + w. Is t prime?
False
Let z(q) = -4*q**3 + 2*q**2 + 7*q + 5. Let b be (-2 - 2)/(1 - 0). Is z(b) composite?
True
Let t be 2 + 2 + -6 - -831. Suppose p - h = 216, 4*p = -0*h - 3*h + t. Is p a composite number?
False
Is (-11)/((-44)/3024) + (1 - 4) a composite number?
True
Let i be 93/(-6) + 1/2. Suppose -2*o = -13 - 9. Let m = o - i. Is m a composite number?
True
Suppose -h + 14 = h - 2*r, -4*h + 2*r = -24. Suppose -237 = -h*t + 233. Is t a prime number?
False
Suppose -p = -0*a - 2*a - 295, 3*p = 4*a + 883. Is p a composite number?
False
Suppose 2*m - 106 = m. Is m composite?
True
Let y(o) = o**3 - 2*o**2 - o - 1. Let v be y(2). Is (-2)/v*801/6 prime?
True
Let u(t) = t**3 - 5*t**2 - 8*t - 4. Suppose 28 = -0*x + 4*x. Is u(x) a composite number?
True
Let k(w) = -w + 11. Let c be k(6). Suppose t + 14 = c*x, 3 = -5*t - 4*x - 67. Let z = t + 21. Is z prime?
True
Suppose 203 = 5*i - 162. Let p be 1*(-2)/((-2)/i). Suppose -t + 1 = 0, t + 28 = -4*v + p. Is v a composite number?
False
Let j = 355 - 198. Is j composite?
False
Suppose -24 = -o + 5*f, -3*f + 2*f = 4*o - 33. Let n = o - 31. Let p = 3 - n. Is p prime?
False
Suppose 5*f - a = 11, -2*f + 4*a - 10 = -0*f. Suppose -5*w + f*c + 470 = 0, 4*c = 4*w - 6*w + 162. Suppose -4*v = -275 + w. Is v a composite number?
True
Suppose -s + 42 - 4 = 0. Let x be (-2)/((8/(-3))/4). Suppose -p = -x*p + s. Is p a prime number?
True
Suppose -116 = -s - 0*s. Let p = -63 + s. Is p prime?
True
Let p = 2089 - 830. Is p a prime number?
True
Let h(p) = p**2 + 7*p + 7. Is h(6) prime?
False
Let f(v) be the third derivative of v**5/60 + v**4/6 + 2*v**3/3 + v**2. Let o be f(-3). Is 1*(-4 + o)*-1 prime?
True
Let n(w) = -w**3 + 8*w**2 + w + 9. Let a be n(7). Suppose 5*o - a = 2*o + 4*r, 3*o = -4*r + 49. Is o a composite number?
False
Let z(r) = -14*r + 5. Is z(-6) composite?
False
Let f = 35 + -51. Suppose -23 = -5*j + 87. Let s = j + f. Is s a prime number?
False
Suppose 14 = o + 8. Let l(g) = g**2 - 3*g + 1. Is l(o) prime?
True
Is (1 - 0) + (-2808)/(0 - 4) a prime number?
False
Let x(a) = a**3 - 7*a**2 - 9*a + 6. Let r be x(8). Is 0 + 0 + (-98)/r composite?
True
Let r(w) = 17*w + 1. Let s(c) = c**3 - 5*c**2 + 5*c + 3. Let z be s(4). Let f = z + -3. Is r(f) prime?
False
Let o(f) = -322*f - 37. Is o(-9) a prime number?
True
Let q(w) = 2*w**3 - 2*w**2 + 5*w - 3. Suppose -c - 51 = -5*f, c + 21 = 3*f - 2*c. Suppose -f + 3 = -2*b. Is q(b) prime?
True
Is 1 + 1433 + 4 + 1 composite?
False
Let u = 1414 - 975. Suppose -2*f = -2*o - 72 - 210, -3*f + u = o. Is f a composite number?
True
Let b = -1 + 31. Let o = 29 + b. Is o prime?
True
Let r(p) = 6*p**2 - 4*p - 5. Is r(-6) prime?
False
Suppose m - 7 = -2*i, 0 = -5*i - 5*m + 5 - 0. Suppose i*h = h. Suppose h = -2*d - d + 39. Is d prime?
True
Suppose 2*t - 821 = 1617. Is t composite?
True
Is (-8296)/(-16) + (-1)/(-2) prime?
False
Let h be -1 - (-24)/(-9)*48. Let u = h + 198. Is u a composite number?
True
Let t be 7 + -2 + -3 - 0. Suppose a + 46 = 6*z - z, -t*z + 32 = 3*a. Suppose -3*g = -u + z, 6*u - 3*u = -4*g + 69. Is u a prime number?
True
Suppose -2*h + 5*h - 1026 = 0. Let x = 1391 - h. Is x prime?
True
Let i be -2 + -2 + 4 + 99. Let z = 96 + -160. Let h = i + z. Is h a composite number?
True
Suppose 0 = 4*y + 3*k - 2*k - 28, -4*k = 5*y - 35. Is y prime?
True
Let w(f) = f**3 + 2*f**2 - f - 2. Let l be w(-2). Suppose l = 2*g - 7*g + 75. Is g composite?
True
Let l = -4 + 4. Suppose h + 83 = 2*s, -s - 2*s + 5*h + 128 = l. Let g = s - 20. Is g prime?
False
Let v = 0 + 2. Let m(i) = 11*i**3 - 1. Is m(v) prime?
False
Let z(f) = -f**3 + 9*f**2 + 9*f + 13. Let n be z(10). Suppose -n*q - 3*a + 144 = -a, -a = -5*q + 227. Is q a composite number?
True
Let z(l) = -2 + 4 + 7*l - l**2 + 0*l**2. Let d be z(8). Let o(w) = -w**3 - 6*w**2 - 4*w - 5. Is o(d) a composite number?
False
Let a be 42/4*(-1 - -5). Suppose -4*u + 478 = a. Is u a prime number?
True
Let f = -4759 + 10956. Is f composite?
False
Let r be (-272)/(-6) + (-4)/12. Suppose 4*m = 15 + r. Is m prime?
False
Let w(d) = -7*d**3 - 2*d**2 - 7*d - 4. Let b be w(-4). Let p = b - 229. Is p a composite number?
False
Let f(u) = 37*u**2 - 22*u - 2. Is f(7) a prime number?
True
Let i(g) = g**2 + 2*g - 5. Let m be i(5). Let x = 44 - m. Is x a prime number?
False
Suppose -35 - 3283 = -6*h. Is h a composite number?
True
Suppose 4*i = 2*y - 998, 56 = y - i - 440. Is y a prim